621
List the prime factors of 415306.
2, 207653
List the prime factors of 2191802.
2, 19, 57679
What are the prime factors of 439305?
3, 5, 29287
List the prime factors of 610011.
3, 17, 443
List the prime factors of 2283637.
2283637
List the prime factors of 2234537.
29, 2657
List the prime factors of 1902781.
107, 17783
List the prime factors of 4850513.
4850513
List the prime factors of 3233523.
3, 1077841
List the prime factors of 181834.
2, 90917
List the prime factors of 5566077.
3, 11, 6247
List the prime factors of 503316.
2, 3, 11, 31, 41
List the prime factors of 924621.
3, 89, 3463
What are the prime factors of 135338?
2, 7, 1381
What are the prime factors of 166805?
5, 73, 457
What are the prime factors of 651001?
13, 50077
List the prime factors of 24279816.
2, 3, 11, 91969
List the prime factors of 866711.
17, 2999
What are the prime factors of 11084052?
2, 3, 7, 127, 1039
What are the prime factors of 140245?
5, 7, 4007
List the prime factors of 3476827.
3476827
List the prime factors of 186396.
2, 3, 7, 317
What are the prime factors of 5497336?
2, 13, 52859
What are the prime factors of 307477?
19, 16183
What are the prime factors of 629825?
5, 7, 59, 61
List the prime factors of 81790.
2, 5, 8179
What are the prime factors of 10028190?
2, 3, 5, 31, 41, 263
What are the prime factors of 109512?
2, 3, 13
List the prime factors of 246586.
2, 139, 887
What are the prime factors of 3384714?
2, 3, 41, 13759
What are the prime factors of 25014076?
2, 6253519
List the prime factors of 165526.
2, 82763
List the prime factors of 272006.
2, 7, 19429
List the prime factors of 8744083.
8744083
What are the prime factors of 453728?
2, 11, 1289
What are the prime factors of 1697181?
3, 565727
List the prime factors of 10639144.
2, 17, 78229
List the prime factors of 13613882.
2, 109, 197, 317
List the prime factors of 148651.
43, 3457
What are the prime factors of 6235588?
2, 31, 50287
List the prime factors of 4408586.
2, 7, 13, 24223
List the prime factors of 13520050.
2, 5, 317, 853
List the prime factors of 670238.
2, 53, 6323
List the prime factors of 7699413.
3, 29, 88499
List the prime factors of 1269877.
7, 37, 4903
What are the prime factors of 7847633?
7847633
List the prime factors of 475646.
2, 19, 12517
What are the prime factors of 403532?
2, 79, 1277
List the prime factors of 25167.
3, 8389
List the prime factors of 16629313.
19, 41, 21347
List the prime factors of 2989356.
2, 3, 23, 10831
What are the prime factors of 556013?
419, 1327
List the prime factors of 1989099.
3, 7, 31573
What are the prime factors of 8498810?
2, 5, 17, 49993
What are the prime factors of 469558?
2, 383, 613
List the prime factors of 10342882.
2, 11, 470131
What are the prime factors of 2132397?
3, 31, 7643
What are the prime factors of 2012042?
2, 1006021
List the prime factors of 2908415.
5, 581683
What are the prime factors of 2459749?
2459749
List the prime factors of 9880464.
2, 3, 11, 18713
What are the prime factors of 6224224?
2, 194507
What are the prime factors of 3978242?
2, 233, 8537
What are the prime factors of 6531216?
2, 3, 136067
What are the prime factors of 288785?
5, 7, 37, 223
List the prime factors of 1315336.
2, 11, 14947
What are the prime factors of 2539598?
2, 47, 27017
List the prime factors of 5078530.
2, 5, 263, 1931
List the prime factors of 14760934.
2, 7380467
What are the prime factors of 684448?
2, 73, 293
What are the prime factors of 28132?
2, 13, 541
List the prime factors of 10078629.
3, 11, 305413
List the prime factors of 182689.
13, 23, 47
What are the prime factors of 3615250?
2, 5, 14461
What are the prime factors of 1337822?
2, 461, 1451
List the prime factors of 95406.
2, 3, 15901
List the prime factors of 22277400.
2, 3, 5, 107, 347
List the prime factors of 1869342.
2, 3, 311557
List the prime factors of 16848089.
41, 410929
What are the prime factors of 1369734?
2, 3, 167, 1367
What are the prime factors of 696107?
696107
What are the prime factors of 1634717?
7, 347, 673
List the prime factors of 36853442.
2, 2549, 7229
List the prime factors of 47899.
19, 2521
What are the prime factors of 1619705?
5, 41, 7901
List the prime factors of 466474.
2, 179, 1303
List the prime factors of 18102949.
18102949
What are the prime factors of 277532?
2, 69383
List the prime factors of 12299274.
2, 3, 13, 52561
List the prime factors of 389210.
2, 5, 38921
List the prime factors of 817388.
2, 11, 13, 1429
List the prime factors of 174912.
2, 3, 911
List the prime factors of 31655788.
2, 7913947
What are the prime factors of 627074?
2, 7, 47, 953
List the prime factors of 5005253.
11, 229, 1987
What are the prime factors of 3554874?
2, 3, 65831
List the prime factors of 416349.
3, 46261
What are the prime factors of 412761?
3, 137587
What are the prime factors of 520175?
5, 20807
List the prime factors of 2214.
2, 3, 41
What are the prime factors of 138935?
5, 37, 751
What are the prime factors of 356485?
5, 83, 859
What are the prime factors of 3950070?
2, 3, 5, 353, 373
List the prime factors of 2451343.
2451343
List the prime factors of 71954.
2, 35977
What are the prime factors of 2170365?
3, 5, 257, 563
List the prime factors of 2196357.
3, 37, 47, 421
What are the prime factors of 4229729?
7, 37, 2333
List the prime factors of 1736407.
353, 4919
List the prime factors of 13527.
3, 167
List the prime factors of 24307997.
7, 191, 18181
What are the prime factors of 4338246?
2, 3, 11, 65731
List the prime factors of 5951142.
2, 3, 19, 17401
List the prime factors of 6646692.
2, 3, 13, 137, 311
List the prime factors of 487016.
2, 17, 3581
List the prime factors of 2189268.
2, 3, 29, 233
What are the prime factors of 706095?
3, 5, 13, 17, 71
List the prime factors of 94160.
2, 5, 11, 107
What are the prime factors of 8750217?
3, 7, 416677
List the prime factors of 5252670.
2, 3, 5, 58363
List the prime factors of 2932472.
2, 37, 9907
What are the prime factors of 232468?
2, 89, 653
What are the prime factors of 2025727?
11, 184157
What are the prime factors of 71357?
11, 13, 499
What are the prime factors of 772534?
2, 7, 7883
List the prime factors of 5868966.
2, 3, 59, 281
What are the prime factors of 22832503?
22832503
List the prime factors of 4948889.
11, 73, 6163
What are the prime factors of 389936?
2, 24371
What are the prime factors of 573543?
3, 63727
What are the prime factors of 589464?
2, 3, 2729
What are the prime factors of 2189000?
2, 5, 11, 199
List the prime factors of 23035743.
3, 599, 4273
What are the prime factors of 303099?
3, 71, 1423
What are the prime factors of 268797?
3, 89599
What are the prime factors of 66984?
2, 3, 2791
List the prime factors of 1690968.
2, 3, 70457
What are the prime factors of 231662?
2, 115831
List the prime factors of 595537.
47, 12671
What are the prime factors of 286449?
3, 95483
What are the prime factors of 4896227?
7, 99923
What are the prime factors of 21874277?
101, 216577
What are the prime factors of 537183?
3, 17, 3511
What are the prime factors of 73956?
2, 3, 6163
What are the prime factors of 76731?
3, 25577
List the prime factors of 1229594.
2, 139, 4423
What are the prime factors of 1035683?
11, 94153
List the prime factors of 4342176.
2, 3, 15077
List the prime factors of 1137696.
2, 3, 7, 1693
What are the prime factors of 9922600?
2, 5, 49613
List the prime factors of 317985.
3, 5, 17, 29, 43
What are the prime factors of 870823?
870823
List the prime factors of 12212075.
5, 193, 2531
List the prime factors of 1172312.
2, 146539
List the prime factors of 5435659.
23, 236333
What are the prime factors of 5778859?
29, 89, 2239
List the prime factors of 16062027.
3, 23, 29, 349
What are the prime factors of 2958185?
5, 43, 13759
What are the prime factors of 139665?
3, 5, 9311
List the prime factors of 8323468.
2, 1171, 1777
List the prime factors of 1507487.
1507487
List the prime factors of 461899.
127, 3637
List the prime factors of 1581212.
2, 395303
What are the prime factors of 9236530?
2, 5, 923653
What are the prime factors of 2236073?
7, 319439
List the prime factors of 4155743.
4155743
List the prime factors of 195751.
195751
List the prime factors of 127906.
2, 31, 2063
List the prime factors of 11088383.
151, 73433
List the pri